e 0 = -0*u - u + 15. Let f = -592 - -1232. Suppose 7*c - 3*c = 3*x - 475, -4*x + 4*c = -f. What is the highest common divisor of x and u?
15
Suppose 0 = 259*y - 265*y + 480. What is the highest common factor of y and 288?
16
Let d(y) = 5*y**2 - 9*y + 6. Let q be d(2). Let p(a) = -a + 12. Let b be p(4). Calculate the highest common divisor of q and b.
8
Suppose 5*o = 4*n + 144, -5*n - 29 - 111 = -5*o. Let r be (9/(-12))/((-4)/o). Let k be (-36)/6*(-2)/r. Calculate the highest common divisor of k and 14.
2
Let i be 12/(-30)*15 + 16. Let o be (1 + 0)/((-2)/(-20)). What is the greatest common factor of o and i?
10
Let x = 713 + -445. What is the highest common factor of 16 and x?
4
Let x(n) = 2*n**2 - 27*n + 16. Let y be x(22). Calculate the highest common divisor of y and 10.
10
Let d be (2 - 4)/(-2) - -9. Let n = -49 - -105. Suppose 456 = 5*t + n. Calculate the highest common divisor of d and t.
10
Suppose -2135 + 419 = -33*t. Calculate the highest common factor of t and 689.
13
Suppose -3*g + 42 = -111. Suppose 0 = -2*u - 10*b + 5*b - 158, -227 = 3*u + 5*b. Let f = u - -103. What is the greatest common divisor of f and g?
17
Let w be 4*(15/(-100)*-15 + -1). Let m(q) = -q + 6. Let u be m(5). What is the greatest common divisor of w and u?
1
Let b = 390 - 252. What is the greatest common divisor of 92 and b?
46
Let f(k) = 2*k**2 + 10*k - 22. Let y = 3 - 12. Let j be f(y). Calculate the highest common factor of 125 and j.
25
Suppose -2*g = -0*g - 84. Suppose 9 = -25*c - 91. Let n be (1 + 0/c)*29 - 1. Calculate the greatest common divisor of n and g.
14
Let d(r) = r + 10. Let i be d(-10). Suppose i*z + 4*z + 83 = 3*f, -z = -2*f + 47. What is the greatest common divisor of f and 231?
21
Let b = 20 + -41. Let o = -17 - b. Suppose 0 = o*t - 26 + 10. Calculate the highest common factor of t and 36.
4
Let a be 45 + 1 + -1 + 0. Let c(v) = 4*v**3 - 2*v**2 + 2. Let l be c(2). Let o = a - l. What is the highest common factor of o and 38?
19
Suppose 5*r - 40 = -4*k, 5*k + 3*r - 50 = r. Let l be 48/3 - (-4 - 0). Calculate the highest common factor of k and l.
10
Let m(r) = r**3 + 29*r**2 - 83*r + 37. Let f be m(-31). Calculate the greatest common factor of f and 8.
8
Suppose 31*c - 64*c - 61 = -3757. Suppose 2*m - 36 = 2*a - 0*a, -a + 72 = 5*m. Let b be (72/m)/((-3)/(-10)). Calculate the highest common factor of b and c.
16
Let l(q) = q**3 - 10*q**2 + 4. Let n be l(10). Suppose -j - 202 = -n*r, 4*j - 17 + 75 = r. Calculate the highest common factor of 20 and r.
10
Let n = 398 - 340. Calculate the greatest common factor of n and 116.
58
Let k be -1*90*(70/21 - 4). Suppose -n + k = -59. Calculate the highest common factor of 7 and n.
7
Let l = -106 - -117. Suppose n = -0 + 9. Suppose -j + n = -2. What is the greatest common divisor of j and l?
11
Suppose -11 + 0 = n + 3*u, -u - 9 = -n. Suppose 0 = 5*v + n*k - 60, 2*k = -4*v + 61 - 7. Calculate the highest common divisor of 48 and v.
16
Suppose -2*c + 97 = 3*j + 2*c, 5*c + 88 = 4*j. Let z = 1 + 0. Let o = 17 + z. What is the greatest common divisor of o and j?
9
Suppose 5*f + 468 + 446 = 4*s, 218 = s + 4*f. What is the highest common divisor of 1017 and s?
113
Let q = -74 + 101. Suppose -q*f + 33*f - 24 = 0. Suppose -5*b + 2 = -3*g - 30, -3*b = 3*g. Calculate the highest common factor of f and b.
4
Let y be 1/2 - 1155/10. Let h = y - -243. Suppose 2*g = 4*t + 40, 3*t + h = 5*g - 0*g. Calculate the greatest common factor of 7 and g.
7
Suppose 20*h + 675 - 1675 = 0. Calculate the greatest common factor of 160 and h.
10
Suppose 0 = -4*r - r + 400. Let s be (10/(-7))/((-4)/28 + 0). What is the highest common factor of r and s?
10
Let v be 166/4 + (-78)/52. Suppose -v - 143 = -4*m - 3*n, 0 = 5*n - 5. What is the greatest common factor of m and 27?
9
Let v = -38 + -92. Let p = 266 + v. Calculate the greatest common divisor of 17 and p.
17
Suppose 3*t - 2*l = -5896, 0*l + 9820 = -5*t + 2*l. Let o be 1 - (t/42 - 4/14). What is the greatest common factor of o and 120?
24
Suppose 0 = -4*r - 16, q - 4*r - 1 = 26. Suppose -q*v + 8*v + 216 = 0. Calculate the highest common factor of v and 24.
24
Let n(g) = -g**3 + 13*g**2 - 15. Let y be n(13). Let d = -16 - y. Let l be -2 - (-52 + -3 + d). What is the highest common divisor of l and 36?
18
Let x(y) = -y**2 - 42*y - 99. Let a be x(-32). Suppose 42 = 4*j - 10. What is the highest common factor of j and a?
13
Let v = 159 - 149. Calculate the highest common factor of 410 and v.
10
Let h be 1*(-15)/(-25)*85. What is the greatest common divisor of h and 34?
17
Let v be (116/6)/(2/3). Let f(n) = -139*n - 156. Let y be f(-3). Calculate the greatest common divisor of y and v.
29
Let t(j) = -j**2 - 12*j + 10. Let s(k) = -k**2 - 12*k + 11. Let m(h) = 6*s(h) - 5*t(h). Let c be m(-13). What is the highest common divisor of 24 and c?
3
Let p(v) = -8*v - 306. Let h be p(-40). Let t = 85 - -6. What is the greatest common factor of t and h?
7
Suppose 390 = -2*k - 4*k. Let p = -58 - k. What is the greatest common factor of 1 and p?
1
Suppose -17*a - 41 = 78. Let z(j) = -j**2 - 7*j + 9. Let p be z(a). Calculate the highest common factor of 2 and p.
1
Let i be (-472)/(-56)*7 - -4. What is the greatest common factor of 399 and i?
21
Let s(g) = -g**3 - 9*g**2 - 2*g + 8. Let f be (-972)/(-32) + (-18)/48. Suppose 3*z = -f + 3. Let w be s(z). Calculate the greatest common factor of 286 and w.
26
Suppose -4*w + 17 = 1. Suppose 3*g = w*g + 3, 0 = -4*h - 2*g + 6. Suppose 4*u - 2*k - 17 - 7 = 0, -h*k = u + 8. Calculate the highest common factor of 2 and u.
2
Let x = -63 - -187. Let w(k) = -k**2 - 3*k + 7. Let s be w(6). Let m = x + s. What is the highest common factor of 7 and m?
7
Let b = 663 + -600. What is the greatest common factor of 56 and b?
7
Let n be (7/(-6) - -1) + (-2093)/42. Let q = n - -64. Suppose m - 2*m - 396 = -4*a, -2*m + 384 = 4*a. Calculate the highest common divisor of q and a.
14
Suppose -2*j + 49 - 13 = 0. Suppose -2*p = -0*p - 8. Suppose -p*i = 3*n - 45, n - 2*n + 3 = 0. What is the highest common divisor of j and i?
9
Let z(h) = 8*h - 1. Let u be z(2). Suppose -4*q = -2*v + 44, -2*v + 42 = -5*q - 4. Suppose -14*j = -v*j + 600. Calculate the highest common factor of j and u.
15
Let i(f) = 3*f**3 + 2*f**2 - 8*f. Let n be i(4). What is the greatest common divisor of 48 and n?
48
Let g(d) = -39*d - 34. Let o be g(-1). Calculate the highest common divisor of 320 and o.
5
Suppose g + 1 = -0. Let m = g + 6. Suppose 0 = -2*q - m + 53. Calculate the greatest common divisor of 16 and q.
8
Suppose 3*b = 5*h - 310, b + 3*b = 5*h - 315. Let v = 69 - h. What is the highest common factor of v and 80?
10
Let p(w) = w**3 + 5*w**2 - 25*w - 15. Let c be p(-6). What is the greatest common factor of c and 264?
33
Suppose -5*k - 336 = -2*k. Let g be -25*(k/10)/1. Let b = -159 + g. What is the greatest common factor of b and 11?
11
Suppose -2*f = 5*g - 7*g - 106, -f = -5*g - 45. Calculate the greatest common factor of 220 and f.
55
Let n = 48 - 48. Suppose s + 5*k - 50 = 14, n = s + 3*k - 72. What is the highest common factor of s and 12?
12
Let f(b) = b**3 - 3*b**2 + 3*b - 2. Let m be f(1). Let h be 119*1/(m/(-2)). Calculate the greatest common divisor of 34 and h.
34
Suppose 56*o = 64*o - 5400. What is the highest common factor of o and 27?
27
Let m(o) = -o**2 + 20*o - 66. Let b be m(9). What is the highest common divisor of 9 and b?
3
Suppose i + 138 = -2*i - 2*k, 5*i + 230 = -5*k. Let s = -21 - i. Calculate the highest common divisor of s and 15.
5
Let n = 309 + -267. Calculate the highest common factor of 392 and n.
14
Suppose -l = -808 + 258. What is the greatest common divisor of l and 11?
11
Let a(c) = c**2 + 2*c - 4. Let y be a(3). Let k be 1 - (-2 - (y - -2)). Let n be 286/77 - 3/(42/(-4)). Calculate the highest common divisor of n and k.
4
Suppose -45*s = -43*s - 5*o - 25, 0 = -s + o + 17. Suppose -5*y + 15 = 3*v, -5*v = 5*y - 28 + 3. What is the greatest common divisor of s and v?
5
Let j(v) = v**3 + 7*v**2 + 7*v - 1. Let x be j(-5). Calculate the highest common divisor of x and 6.
2
Suppose -25 = 5*u, 4*g - 67 = 2*g + 3*u. Let r = g - 16. Calculate the greatest common divisor of 25 and r.
5
Let z(u) be the third derivative of -u**5/60 + 13*u**4/12 - 23*u**3/6 + 11*u**2. Let h be z(18